{"id":48,"date":"2022-07-08T08:52:51","date_gmt":"2022-07-08T11:52:51","guid":{"rendered":"http:\/\/gmicro.ufsc.br\/?page_id=48"},"modified":"2022-07-08T13:18:10","modified_gmt":"2022-07-08T16:18:10","slug":"premiacoes","status":"publish","type":"page","link":"http:\/\/gmicro.ufsc.br\/index.php\/premiacoes\/","title":{"rendered":"Premia\u00e7\u00f5es"},"content":{"rendered":"\n<p><strong>Nosso grupo tem sucesso reconhecido em diversas premia\u00e7\u00f5es recebidas em eventos cient\u00edficos. Confira a lista!<\/strong><\/p>\n\n\n\n<blockquote class=\"wp-block-quote is-layout-flow wp-block-quote-is-layout-flow\"><p><strong>2021 &#8211; <\/strong>10 melhores trabalhos no VI Simp\u00f3sio Internacional, Ci\u00eancia, Sa\u00fade e Territ\u00f3rio e VI SIPA SUL selecionados para publica\u00e7\u00e3o na Revista Agropecu\u00e1ria Catarinense, Programa de P\u00f3s-Gradua\u00e7\u00e3o em Ambiente e Sa\u00fade da Universidade do Planalto Catarinense &#8211; UNIPLAC<\/p><\/blockquote>\n\n\n\n<blockquote class=\"wp-block-quote is-layout-flow wp-block-quote-is-layout-flow\"><p><strong>2021<\/strong> &#8211; 10 melhores trabalhos no VI Simp\u00f3sio Internacional, Ci\u00eancia, Sa\u00fade e Territ\u00f3rio e VI SIPA SUL selecionados para publica\u00e7\u00e3o na Revista Interdisciplinar de Estudos em Sa\u00fade, Programa de P\u00f3s-Gradua\u00e7\u00e3o em Ambiente e Sa\u00fade da Universidade do Planalto Catarinense &#8211; UNIPLAC<\/p><\/blockquote>\n\n\n\n<blockquote class=\"wp-block-quote is-layout-flow wp-block-quote-is-layout-flow\"><p><strong>2020 &#8211; <\/strong>Men\u00e7\u00e3o honrosa por 1\u00ba lugar &#8211; Resultados\u00a0preliminares de resist\u00eancia a antibi\u00f3ticos em Escherichia coli, em rios e po\u00e7os de Curitibanos, SC, UNIFIMES &#8211; Centro Universit\u00e1rio de Mineiros<\/p><\/blockquote>\n\n\n\n<blockquote class=\"wp-block-quote is-layout-flow wp-block-quote-is-layout-flow\"><p><strong>2020 &#8211; <\/strong>Men\u00e7\u00e3o honrosa por 2\u00ba lugar &#8211; Ocorr\u00eancia de resist\u00eancia a antibi\u00f3ticos em coliformes fecais isolados de \u00e1gua destinada para consumo animal, UNIFIMES &#8211; Centro Universit\u00e1rio de Mineiros<\/p><\/blockquote>\n\n\n\n<blockquote class=\"wp-block-quote is-layout-flow wp-block-quote-is-layout-flow\"><p><strong>2020 &#8211; <\/strong>Trabalho selecionado para apresenta\u00e7\u00e3o oral, como um dos 10 melhores do evento &#8211; Resposta da produtividade do milho a microrganismos solubilizadores de fosfato e cons\u00f3rcio microbiano, UFU Monte Carmelo &#8211; Simp\u00f3sio de Ci\u00eancias Agr\u00e1rias e Ambientais<\/p><\/blockquote>\n\n\n\n<blockquote class=\"wp-block-quote is-layout-flow wp-block-quote-is-layout-flow\"><p><strong>2019 &#8211; <\/strong>Primeiro lugar na categoria de melhor trabalho apresentado na V Semana Acad\u00eamica do Curso de Engenharia Florestal, Universidade Federal de Santa Catarina<\/p><\/blockquote>\n\n\n\n<blockquote class=\"wp-block-quote is-layout-flow wp-block-quote-is-layout-flow\"><p><strong>2019 &#8211; <\/strong>Terceiro lugar na categoria de melhor trabalho apresentado no IV Simp\u00f3sio em Microbiologia Agr\u00edcola, ESALQ &#8211; USP<\/p><\/blockquote>\n\n\n\n<blockquote class=\"wp-block-quote is-layout-flow wp-block-quote-is-layout-flow\"><p><strong>2019 &#8211; <\/strong>Trabalho entre os 10 melhores no V Simp\u00f3sio Internacional Ci\u00eancia, Sa\u00fade e Territ\u00f3rio &#8211; Lages, SC, Programa Interdisciplinar de P\u00f3s-Gradua\u00e7\u00e3o em Ambiente e Sa\u00fade da UNIPLAC (PPGAS\/UNIPLAC)<\/p><\/blockquote>\n\n\n\n<blockquote class=\"wp-block-quote is-layout-flow wp-block-quote-is-layout-flow\"><p><strong>2018 &#8211; <\/strong>Orienta\u00e7\u00e3o de melhor p\u00f4ster na Semana Acad\u00eamica de Agronomia 2018 &#8211; Resposta da cenoura a inocula\u00e7\u00e3o com microrganismos e bioestimulantes, apresentado por Ana Rosa da Silva Fran\u00e7a, Universidade Federal de Santa Catarina<\/p><\/blockquote>\n\n\n\n<blockquote class=\"wp-block-quote is-layout-flow wp-block-quote-is-layout-flow\"><p><strong>2017 &#8211; <\/strong>Orienta\u00e7\u00e3o de segundo melhor trabalho oral do I Simp\u00f3sio Latino-Americano sobre Bioestimulantes, apresentado por Rafael Fernandes dos Santos, Universidade Federal de Santa Catarina<\/p><\/blockquote>\n\n\n\n<hr class=\"wp-block-separator has-alpha-channel-opacity\"\/>\n\n\n\n<p><a id=\"_msocom_1\"><\/a><\/p>\n","protected":false},"excerpt":{"rendered":"<p>Nosso grupo tem sucesso reconhecido em diversas premia\u00e7\u00f5es recebidas em eventos cient\u00edficos. Confira a lista! 2021 &#8211; 10 melhores trabalhos no VI Simp\u00f3sio Internacional, Ci\u00eancia, Sa\u00fade e Territ\u00f3rio e VI SIPA SUL selecionados para publica\u00e7\u00e3o na Revista Agropecu\u00e1ria Catarinense, Programa de P\u00f3s-Gradua\u00e7\u00e3o em Ambiente e Sa\u00fade da Universidade do Planalto Catarinense &#8211; UNIPLAC 2021 &#8211; [&hellip;]<\/p>\n","protected":false},"author":1,"featured_media":0,"parent":0,"menu_order":0,"comment_status":"closed","ping_status":"closed","template":"","meta":{"footnotes":""},"class_list":["post-48","page","type-page","status-publish","hentry"],"_links":{"self":[{"href":"http:\/\/gmicro.ufsc.br\/index.php\/wp-json\/wp\/v2\/pages\/48","targetHints":{"allow":["GET"]}}],"collection":[{"href":"http:\/\/gmicro.ufsc.br\/index.php\/wp-json\/wp\/v2\/pages"}],"about":[{"href":"http:\/\/gmicro.ufsc.br\/index.php\/wp-json\/wp\/v2\/types\/page"}],"author":[{"embeddable":true,"href":"http:\/\/gmicro.ufsc.br\/index.php\/wp-json\/wp\/v2\/users\/1"}],"replies":[{"embeddable":true,"href":"http:\/\/gmicro.ufsc.br\/index.php\/wp-json\/wp\/v2\/comments?post=48"}],"version-history":[{"count":7,"href":"http:\/\/gmicro.ufsc.br\/index.php\/wp-json\/wp\/v2\/pages\/48\/revisions"}],"predecessor-version":[{"id":57,"href":"http:\/\/gmicro.ufsc.br\/index.php\/wp-json\/wp\/v2\/pages\/48\/revisions\/57"}],"wp:attachment":[{"href":"http:\/\/gmicro.ufsc.br\/index.php\/wp-json\/wp\/v2\/media?parent=48"}],"curies":[{"name":"wp","href":"https:\/\/api.w.org\/{rel}","templated":true}]}}

Premiações

<p><strong>Nosso grupo tem sucesso reconhecido em diversas premiações recebidas em eventos científicos. Confira a lista!</strong></p>



<blockquote class="wp-block-quote is-layout-flow wp-block-quote-is-layout-flow"><p><strong>2021 &#8211; </strong>10 melhores trabalhos no VI Simpósio Internacional, Ciência, Saúde e Território e VI SIPA SUL selecionados para publicação na Revista Agropecuária Catarinense, Programa de Pós-Graduação em Ambiente e Saúde da Universidade do Planalto Catarinense &#8211; UNIPLAC</p></blockquote>



<blockquote class="wp-block-quote is-layout-flow wp-block-quote-is-layout-flow"><p><strong>2021</strong> &#8211; 10 melhores trabalhos no VI Simpósio Internacional, Ciência, Saúde e Território e VI SIPA SUL selecionados para publicação na Revista Interdisciplinar de Estudos em Saúde, Programa de Pós-Graduação em Ambiente e Saúde da Universidade do Planalto Catarinense &#8211; UNIPLAC</p></blockquote>



<blockquote class="wp-block-quote is-layout-flow wp-block-quote-is-layout-flow"><p><strong>2020 &#8211; </strong>Menção honrosa por 1º lugar &#8211; Resultados preliminares de resistência a antibióticos em Escherichia coli, em rios e poços de Curitibanos, SC, UNIFIMES &#8211; Centro Universitário de Mineiros</p></blockquote>



<blockquote class="wp-block-quote is-layout-flow wp-block-quote-is-layout-flow"><p><strong>2020 &#8211; </strong>Menção honrosa por 2º lugar &#8211; Ocorrência de resistência a antibióticos em coliformes fecais isolados de água destinada para consumo animal, UNIFIMES &#8211; Centro Universitário de Mineiros</p></blockquote>



<blockquote class="wp-block-quote is-layout-flow wp-block-quote-is-layout-flow"><p><strong>2020 &#8211; </strong>Trabalho selecionado para apresentação oral, como um dos 10 melhores do evento &#8211; Resposta da produtividade do milho a microrganismos solubilizadores de fosfato e consórcio microbiano, UFU Monte Carmelo &#8211; Simpósio de Ciências Agrárias e Ambientais</p></blockquote>



<blockquote class="wp-block-quote is-layout-flow wp-block-quote-is-layout-flow"><p><strong>2019 &#8211; </strong>Primeiro lugar na categoria de melhor trabalho apresentado na V Semana Acadêmica do Curso de Engenharia Florestal, Universidade Federal de Santa Catarina</p></blockquote>



<blockquote class="wp-block-quote is-layout-flow wp-block-quote-is-layout-flow"><p><strong>2019 &#8211; </strong>Terceiro lugar na categoria de melhor trabalho apresentado no IV Simpósio em Microbiologia Agrícola, ESALQ &#8211; USP</p></blockquote>



<blockquote class="wp-block-quote is-layout-flow wp-block-quote-is-layout-flow"><p><strong>2019 &#8211; </strong>Trabalho entre os 10 melhores no V Simpósio Internacional Ciência, Saúde e Território &#8211; Lages, SC, Programa Interdisciplinar de Pós-Graduação em Ambiente e Saúde da UNIPLAC (PPGAS/UNIPLAC)</p></blockquote>



<blockquote class="wp-block-quote is-layout-flow wp-block-quote-is-layout-flow"><p><strong>2018 &#8211; </strong>Orientação de melhor pôster na Semana Acadêmica de Agronomia 2018 &#8211; Resposta da cenoura a inoculação com microrganismos e bioestimulantes, apresentado por Ana Rosa da Silva França, Universidade Federal de Santa Catarina</p></blockquote>



<blockquote class="wp-block-quote is-layout-flow wp-block-quote-is-layout-flow"><p><strong>2017 &#8211; </strong>Orientação de segundo melhor trabalho oral do I Simpósio Latino-Americano sobre Bioestimulantes, apresentado por Rafael Fernandes dos Santos, Universidade Federal de Santa Catarina</p></blockquote>



<hr class="wp-block-separator has-alpha-channel-opacity"/>



<p><a id="_msocom_1"></a></p>

<p>Nosso grupo tem sucesso reconhecido em diversas premiações recebidas em eventos científicos. Confira a lista! 2021 &#8211; 10 melhores trabalhos no VI Simpósio Internacional, Ciência, Saúde e Território e VI SIPA SUL selecionados para publicação na Revista Agropecuária Catarinense, Programa de Pós-Graduação em Ambiente e Saúde da Universidade do Planalto Catarinense &#8211; UNIPLAC 2021 &#8211; [&hellip;]</p>
